*2 - 9*s + 3. Is g(h) a composite number?
False
Suppose 2*o - 11*m - 373984 = -7*m, -o = 5*m - 186964. Suppose -o = -7*u + 93709. Is u a prime number?
True
Is (-6)/(15 + -9)*-94699 a composite number?
True
Let w(m) = 8718*m + 305. Is w(3) prime?
True
Is (4/6 - 1)*(-83958 + -333) composite?
False
Let a = 32 - 10. Suppose -6*i + a*i - 48176 = 0. Is i composite?
False
Suppose p + 3*w = -0*p + 32, -3*p + 88 = 5*w. Let x = 24 - p. Is 3129/x*8/(-12) a prime number?
False
Suppose -67*v = -10626522 - 17317847 - 8668518. Is v a prime number?
True
Suppose -4*i - i = 0. Suppose -7*p = -13 - 15. Suppose p*d - 99 - 41 = i. Is d composite?
True
Let x(n) = 40*n**2 + 142*n + 217. Is x(35) composite?
True
Let p(q) = -7098*q**3 - 3*q**2 - 5*q - 29. Is p(-5) a prime number?
True
Let a(h) = -h**2 - 3*h + 72. Let f be a(-10). Suppose 0 = -v + 4, 5*v - 5634 = -f*t + 3*v. Is t composite?
True
Let d(r) = -22*r**2 - 5*r + 3. Let j be d(4). Let k = 975 - j. Let y = k - 443. Is y prime?
False
Let t = 2858 - 900. Suppose z - n - 3345 = 0, 14771 = 5*z - 4*n - t. Suppose 0 = -l - 3*k + 1118, -4*l - 4*k = -l - z. Is l a composite number?
True
Let u be 34581/(-21) + (-2)/7. Let n = -496 - u. Is n prime?
True
Let m(k) = 840*k**3 + 10*k**2 + 2*k - 35. Is m(4) prime?
False
Let m be 8/14 - (-1464)/(-14). Let g(j) = j**2 - 2*j + 16. Let f be g(-11). Let i = m + f. Is i a prime number?
False
Let n(p) = 9*p**2 + 238*p + 3472. Is n(-79) prime?
False
Let h(z) = -z**3 - 30*z**2 + z + 4513. Is h(0) a composite number?
False
Suppose -9*q + 2*q - 910 = 0. Is (q/39)/((-2)/9) prime?
False
Let f(m) = m**2 - 7*m + 2. Let n be f(6). Is (-617 + 2)*-11 - n a prime number?
False
Let d(s) = 2*s**3 + 12*s**2 - 2*s - 8. Let n be d(-6). Suppose -5*c - h - 12 = 0, n*h = -5*c + 2*h - 14. Let x(a) = -83*a - 7. Is x(c) a prime number?
False
Suppose -17 = -4*q + m, -2*q + 23*m = 22*m - 7. Let s(f) = 227*f - 6. Let z(n) = 228*n - 5. Let i(w) = 3*s(w) - 2*z(w). Is i(q) a composite number?
False
Let x be (-1)/(-1) + (-8)/(-2). Is 2/x*(-30965)/(-22) a composite number?
False
Suppose -246*t + 141585295 = 195*t - 42268046. Is t prime?
False
Suppose -13*h + 20623119 + 1005135 = 2260321. Is h composite?
False
Let p be (-708)/(-60)*-877 + 2/(-5). Let z = 55962 - p. Is z a composite number?
True
Let a(d) = -3524*d + 2. Let l be a(-3). Let m be l*(20/(-8) + 3). Let b = m - 3728. Is b prime?
True
Let m be 82/(-82)*-17*1. Is 2/((51/m)/(18066/4)) a composite number?
False
Let i be (-16)/(1 + 1 + -4). Suppose 5*f - i = -13. Is (f - 8)/(-3) - 49*-26 a composite number?
False
Suppose 4*h + o = 10395, 132 - 2727 = -h - o. Suppose -9*f = -f + h. Let n = 588 + f. Is n a prime number?
True
Suppose 199878 + 58620 = 9*a. Suppose 0 = -4*m - 2*i + a, -5*i + 35910 = 5*m - 0*i. Is m composite?
True
Suppose 15*x = 5*x + 510370. Suppose -c + 8*c - x = 0. Is c a prime number?
False
Let z = -76 + 1101. Let u = 1573 - z. Suppose 0 = -4*q + u + 720. Is q a composite number?
False
Let t = 32 - 22. Suppose -3*w = -t*w - 2814. Let x = -11 - w. Is x a composite number?
True
Suppose 2*n + 0*y - y = -7, 0 = 4*n - y + 15. Let i(w) = 5 - 24*w + 9 - 5 - 113*w. Is i(n) prime?
True
Let i(z) = -12*z**3 - z - 5*z**2 - 2 + 15 - 3*z + 10*z**3. Is i(-16) a composite number?
True
Let g(n) = 15*n**2 - 4*n - 22. Let k be g(13). Suppose 0 = 4*r - 5119 - k. Is r a prime number?
False
Let j(t) = -14343*t - 2239. Is j(-2) a prime number?
False
Let f = 64024 - 36545. Is f composite?
False
Let k(c) = -39*c**2 - 33*c - 5. Let x(a) = a**2 + a - 1. Let w(f) = k(f) + 6*x(f). Let v(m) be the first derivative of w(m). Is v(-19) prime?
False
Let t = 48 + -47. Is (-3 - -1766)*(3 - (t + 1)) composite?
True
Suppose -2*i + z - 10 = -3*z, z - 1 = 2*i. Let a(x) = x + 2. Let p be a(i). Suppose -2997 + 12459 = 3*s - p*v, 2*s + v - 6320 = 0. Is s prime?
False
Suppose 2*b + 0 = 4, -h + 3*b + 8 = 0. Let l(o) = 725*o - 59. Is l(h) composite?
False
Let c(q) = -21143*q**3 + 3*q**2 - 3*q - 11. Is c(-2) a prime number?
True
Let p(y) = y**3 - 3*y**2 + 6*y + 8. Let j be p(18). Suppose -11*w = -7*w - j. Suppose -w = -2*u + 570. Is u a prime number?
True
Let y(o) = o**3 + 5*o**2 + 3*o + 24. Let s be y(-5). Suppose 0 = -a - s*a + 3970. Is a composite?
False
Suppose -2*z - 123*x + 127*x + 123232 = 0, z = -x + 61601. Is z a prime number?
False
Let x = 374327 - 130960. Is x a prime number?
True
Let x(t) = -56*t**3 - 7*t**2 - 11*t + 79. Is x(-6) prime?
False
Let t = -16 + 21. Let s be (4 - 0) + -9 + t. Is s - 2*5268/(-8) composite?
True
Suppose 5*i + 4*k - 961145 = 0, -648474 = -5*i - 2*k + 312671. Is i a composite number?
False
Let u(j) = j + 6. Let r be u(-3). Suppose -4*a = -1 - 3, 23 = 4*h + r*a. Suppose h*q - 1242 = 443. Is q prime?
True
Let j be (-1)/(8/(-15024)) - (-2)/(-2). Suppose -7*u + 412 = -j. Is u prime?
False
Is -4 - ((-265521)/(-9))/(1/(-3)) a composite number?
True
Let m(u) = -29*u + 949 + 0*u - 987. Let s be m(-11). Suppose 249 = 2*y - s. Is y prime?
False
Let y = 3083677 + -2200464. Is y prime?
True
Is (18/42 - 1) + (-103109838)/(-182) a composite number?
False
Let p(l) = 5*l**3 + 11*l**2 - 7*l - 10. Let f(m) = 11*m**3 + 22*m**2 - 16*m - 20. Let v(d) = -6*f(d) + 13*p(d). Is v(7) composite?
True
Is (230/(-138))/((-30)/606348) a composite number?
True
Suppose 0*v + v + 5 = -x, -2*v + 2*x = 14. Is 32*(-178)/(-36) + v/27 composite?
True
Suppose 7852947 = 7685*n - 7628*n. Is n a composite number?
False
Let d(f) = 9*f + 13. Let o be d(-2). Is -5 + (o - -4537) + 4 prime?
False
Suppose -620604 = -308*u + 272*u. Is u a prime number?
True
Is (-46587*(-13)/(-78))/(2/(-4)) composite?
True
Suppose -445438 = -41*d - 0*d + 27*d. Is d a composite number?
False
Let m = -3047 - -3319. Suppose 1848 - 492 = 4*c. Let w = c + m. Is w a prime number?
False
Let d be (-3 - (-39)/12)/(8/416). Suppose -10*w - 13683 = -d*w. Is w a composite number?
False
Let r = 695251 - 274010. Is r a prime number?
True
Suppose 0 = -10147*h + 10165*h - 2030778. Is h a prime number?
False
Suppose 0 = t + 2*m + 2*m + 18, -10 = 2*m. Suppose 9*l + t*o = 6*l + 4, -3*l + o - 11 = 0. Is (3/(6/l) - -1) + 683 prime?
True
Let s(j) = 6*j**3 - 23*j + 113. Suppose 76 = 6*w - 8. Is s(w) a prime number?
False
Suppose 33 - 77 = -4*p. Suppose -m + 2*l - p + 6 = 0, -3*l = -4*m. Suppose 5460 = 4*s + 4*t, -4917 = -5*s - m*t + 1904. Is s a composite number?
True
Is (-2051)/(-1465) - (-474836)/10 composite?
True
Let a(h) = 197*h**3 - 5*h**2 - 17*h + 49. Is a(6) prime?
False
Let w = 13 + -10. Suppose 2*s = -6, 5*v - 3501 = w*s - s. Suppose -11*q + 5308 = v. Is q a prime number?
True
Let j = 75755 + -29152. Is j prime?
False
Suppose 1644*o + 1321560 = 1716*o. Is o composite?
True
Let a(h) = 44869*h - 375. Is a(2) prime?
True
Suppose 4*r - 10289 = -3*j, 18*r = -3*j + 21*r + 10296. Suppose -2*l + 2863 = -j. Is l a composite number?
True
Let l(q) = q**3 + 96*q**2 + 249*q - 440. Is l(-81) a composite number?
True
Let k = -29 + 31. Suppose 4*t - 5*q - 2 = 0, -3*q - k*q + 22 = 4*t. Suppose 2927 = 2*m - t*x, -m + 4*m - 5*x - 4390 = 0. Is m a composite number?
True
Let x be 2 - (0 + (-45)/5). Suppose x*s = s + 12430. Is s a prime number?
False
Suppose -8*t + 10*t = 2*l + 6, -4*t - l = 13. Is t/((-15)/((-25905)/(-2))) a composite number?
True
Let m = 39388 - -30949. Is m prime?
False
Let z(p) = 2784*p**3 + p**2 + 6*p - 17. Is z(3) a composite number?
True
Let f(c) = 769*c**3 - 10*c**2 - 14*c + 16. Is f(7) prime?
False
Let m(s) = -9*s - 41. Let p be m(-5). Suppose -w + 4*w - z = 16203, p*z = 0. Is w prime?
False
Let q(g) be the third derivative of 0 - 20*g**2 + 3*g**3 + 245/24*g**4 + 0*g. Is q(13) composite?
False
Suppose -24 = -4*s - 4*s. Let a be 15*(s + 26/(-10)). Suppose 0 = -a*o + 2018 + 130. Is o composite?
True
Let u(b) = 1516*b**2 - 12*b + 573. Is u(14) a prime number?
False
Let t(f) = 145*f - 6. Let b be t(12). Suppose 4*g - 787 = -k, 5*g + 148 - b = -2*k. Is k composite?
True
Suppose -46270 = -28*r + 23*r - u, -3*u + 15 = 0. Is r composite?
True
Suppose 6*p = -14 + 26. Let o(u) = 6*u**3 - 6*u**2 - 18 - 8*u**2 + 21*u**p + u + 5. Is o(6) prime?
False
Is -6 + (-8*(-41941)/4 - -3) composite?
True
Suppose a - 184909 = -3*h, 0 = 5*h + 3*a + 51450 - 359629. Is h a prime number?
True
Let o = -2 - -4. Suppose -187 + 31 = -52*j. Suppose o*t - j*